{"id":603,"date":"2014-05-27T07:29:00","date_gmt":"2014-05-27T07:29:00","guid":{"rendered":"https:\/\/archipress.org\/reda2\/?page_id=603"},"modified":"2014-05-27T07:29:00","modified_gmt":"2014-05-27T07:29:00","slug":"il-y-a-aussi-des-cygnes-noirs","status":"publish","type":"page","link":"https:\/\/reda.archipress.org\/?page_id=603","title":{"rendered":"Il y a aussi des cygnes noirs"},"content":{"rendered":"<p style=\"color: #000000;\">par R\u00e9da Benkirane<\/p>\n<p><img loading=\"lazy\" decoding=\"async\" title=\"Tribune de Gen\u00e8ve\" src=\"https:\/\/archipress.org\/images\/stories\/logo\/pltg.gif\" alt=\"Tribune de Gen\u00e8ve\" width=\"119\" height=\"19\" border=\"0\" hspace=\"1\" \/><br \/>\n26 Octobre 2007<\/p>\n<div style=\"color: #000000;\" align=\"justify\">Nassim Nicholas Taleb est un financier et essayiste am\u00e9ricain auteur d\u2019un best-seller r\u00e9cent intitul\u00e9 \u00abThe Black Swan\u00bb (le cygne noir). L\u2019auteur y d\u00e9veloppe une r\u00e9flexion sur le r\u00f4le du hasard, notamment la notion originale de \u00abcygne noir\u00bb qui est le fait ou l\u2019\u00e9v\u00e9nement consid\u00e9r\u00e9 comme hautement improbable mais qui n\u00e9anmoins peut survenir et tout changer sur son passage.<\/div>\n<p style=\"color: #000000;\" align=\"justify\">Selon Taleb, ancien trader de la banque UBS \u00e0 New York, tout autour de nous rel\u00e8verait de la ph\u00e9nom\u00e9nologie du cygne noir; du d\u00e9clenchement de la Premi\u00e8re Guerre mondiale, \u00e0 l\u2019\u00e9mergence de Google en passant par la d\u00e9couverte du Viagra.<\/p>\n<p style=\"color: #000000;\" align=\"justify\">Expos\u00e9 au hasard destructeur ou cr\u00e9ateur, comment d\u00e9finir la prise de risque et la strat\u00e9gie optimales? Taleb organise sa r\u00e9flexion sur la citation d\u2019un capitaine de navire qui, en 1907, affirmait n\u2019avoir jamais connu de naufrage ni aucun danger maritime \u2013 c\u2019\u00e9tait cinq ans avant le naufrage de son navire, le funeste\u00a0<em>Titanic<\/em>.<\/p>\n<p style=\"color: #000000;\" align=\"justify\">Dans une sorte de m\u00e9taphore, nous pourrions projeter la Suisse comme le laboratoire id\u00e9al pour tester en mode mineur l\u2019impact des catastrophes majeures. Car la Suisse est le pays o\u00f9 tous les cygnes sont blancs, contr\u00e9e de banques et d\u2019assurances, de l\u2019horlogerie \u00e0 complication o\u00f9 tranquillit\u00e9, prosp\u00e9rit\u00e9, pr\u00e9cision, ponctualit\u00e9, stabilit\u00e9 et neutralit\u00e9 en fondent les rep\u00e8res vitaux.<\/p>\n<p style=\"color: #000000;\" align=\"justify\">Depuis la fin de la guerre froide, la Suisse, issue du meilleur des mondes, est confront\u00e9e \u00e0 deux persistants cygnes noirs; celui du rapport chaotique au temps et celui du rapport d\u00e9sacralis\u00e9 \u00e0 l\u2019univers bancaire.<\/p>\n<p style=\"color: #000000;\" align=\"justify\">Dans l\u2019Helv\u00e9tie heureuse et prosp\u00e8re du si\u00e8cle dernier, l\u2019individu \u00e9tait fonci\u00e8rement libre et ind\u00e9pendant, mais face au temps, il fonctionnait beaucoup comme un automate gr\u00e9gaire dans un alignement impeccable (\u00abrester dans le cadre\/rang\u00bb, \u00abpas de t\u00eate qui d\u00e9passe\u00bb, \u00abpropre en ordre\u00bb, etc).<\/p>\n<p style=\"color: #000000;\" align=\"justify\">Or nous voici dor\u00e9navant \u00e9voluant dans le temps du m\u00e9lange et du d\u00e9s\u00e9quilibre, du nouveau d\u00e9sordre international, des logiques o\u00f9 le gagnant rafle tout mais o\u00f9 aussi le plus faible d\u00e9stabilise le plus fort. Voici venir le temps o\u00f9 neutralit\u00e9 et pr\u00e9cision ne comptent plus tant. On se rappellera ainsi la mort de la soci\u00e9t\u00e9 Swissair comme d\u2019un cygne noir pr\u00e9monitoire, quand, \u00e0 l\u2019automne 2001, une flotte a\u00e9ronautique synonyme d\u2019excellence s\u2019\u00e9tait subitement d\u00e9sint\u00e9gr\u00e9e\u2026<\/p>\n<p>Les temps changent\u2026 au point que nous voyons se multiplier \u00e0 l\u2019horizon les cygnes noirs (climat d\u00e9rang\u00e9, cours boursiers erratiques, menace terroriste, etc.). Dans le cadre d\u2019un essai de prospective, pourrions-nous en Suisse nous livrer \u00e0 cet exercice de pens\u00e9e consistant \u00e0 imaginer un instant \u2013 imaginer seulement! \u2013 la lev\u00e9e du secret bancaire? Comment la Suisse serait affect\u00e9e si la communaut\u00e9 internationale d\u00e9sireuse de contr\u00f4ler les flux financiers et les \u00e9vasions fiscales massives d\u00e9clenchait cet incommensurable signe\/cygne noir? Comment la soci\u00e9t\u00e9 survivrait-elle \u00e0 ce petit bout de secret d\u00e9flor\u00e9, \u00e0 ce coffre tombal d\u00e9cachet\u00e9 dans lequel g\u00eet en partie l\u2019\u00e9nigme de la stabilit\u00e9 helv\u00e9tique? Sans la sanctuarisation de cette bo\u00eete noire, b\u00e9n\u00e9ficierions-nous toujours d\u2019un exceptionnel niveau de vie, d\u2019un ch\u00f4mage n\u00e9gligeable, de services financiers hors pair?<\/p>\n<p>Le monde du XXIe si\u00e8cle, plus complexe, dynamique et r\u00e9ticulaire que jamais, puissamment amplifi\u00e9 par des feedbacks technologiques, explose en ph\u00e9nom\u00e8nes nouveaux, loin de tout \u00e9quilibre. L\u2019impr\u00e9visible ne pouvant \u00eatre anticip\u00e9, il s\u2019agit donc, face \u00e0 lui, d\u2019improviser, une aptitude que par ailleurs des soci\u00e9t\u00e9s technologiquement beaucoup moins avanc\u00e9es usent avec aisance pour se profiler dans le monde \u00e0 venir. D\u00e9sormais, serait-ce le temps darwinien non pas du plus apte, mais du plus rapide? A d\u00e9faut de conna\u00eetre l\u2019impensable, peut-on apprendre \u00e0 improviser devant l\u2019inconcevable, c\u2019est-\u00e0-dire la d\u00e9sacralisation, un jour ou l\u2019autre, d\u2019un tabou anthropologique de l\u2019<em>homo helveticus<\/em>?<\/p>\n<p style=\"color: #000000;\" align=\"right\">R\u00e9da Benkirane<\/p>\n","protected":false},"excerpt":{"rendered":"<p>par R\u00e9da Benkirane 26 Octobre 2007 Nassim Nicholas Taleb est un financier et essayiste am\u00e9ricain auteur d\u2019un best-seller r\u00e9cent intitul\u00e9 \u00abThe Black Swan\u00bb (le cygne noir). L\u2019auteur y d\u00e9veloppe une r\u00e9flexion sur le r\u00f4le du hasard, notamment la notion originale de \u00abcygne noir\u00bb qui est le fait ou l\u2019\u00e9v\u00e9nement consid\u00e9r\u00e9 &#8230; <a class=\"continue-reading-link\" href=\"https:\/\/reda.archipress.org\/?page_id=603\"> Continue reading<\/a><\/p>\n","protected":false},"author":1,"featured_media":0,"parent":23,"menu_order":31,"comment_status":"closed","ping_status":"closed","template":"","meta":{"footnotes":""},"class_list":["post-603","page","type-page","status-publish","hentry"],"_links":{"self":[{"href":"https:\/\/reda.archipress.org\/index.php?rest_route=\/wp\/v2\/pages\/603","targetHints":{"allow":["GET"]}}],"collection":[{"href":"https:\/\/reda.archipress.org\/index.php?rest_route=\/wp\/v2\/pages"}],"about":[{"href":"https:\/\/reda.archipress.org\/index.php?rest_route=\/wp\/v2\/types\/page"}],"author":[{"embeddable":true,"href":"https:\/\/reda.archipress.org\/index.php?rest_route=\/wp\/v2\/users\/1"}],"replies":[{"embeddable":true,"href":"https:\/\/reda.archipress.org\/index.php?rest_route=%2Fwp%2Fv2%2Fcomments&post=603"}],"version-history":[{"count":0,"href":"https:\/\/reda.archipress.org\/index.php?rest_route=\/wp\/v2\/pages\/603\/revisions"}],"up":[{"embeddable":true,"href":"https:\/\/reda.archipress.org\/index.php?rest_route=\/wp\/v2\/pages\/23"}],"wp:attachment":[{"href":"https:\/\/reda.archipress.org\/index.php?rest_route=%2Fwp%2Fv2%2Fmedia&parent=603"}],"curies":[{"name":"wp","href":"https:\/\/api.w.org\/{rel}","templated":true}]}}