{"id":208,"date":"2013-12-26T21:59:06","date_gmt":"2013-12-26T21:59:06","guid":{"rendered":"https:\/\/archipress.org\/reda2\/?page_id=208"},"modified":"2013-12-26T21:59:06","modified_gmt":"2013-12-26T21:59:06","slug":"table-des-matieres","status":"publish","type":"page","link":"https:\/\/reda.archipress.org\/?page_id=208","title":{"rendered":"Table des mati\u00e8res"},"content":{"rendered":"<p><strong><img loading=\"lazy\" decoding=\"async\" class=\"alignleft\" style=\"margin: 3px;\" src=\"https:\/\/reda.archipress.org\/wp-content\/uploads\/2013\/12\/Complexite.jpg\" alt=\"Complexite\" width=\"160\" height=\"160\" \/><\/strong>R\u00e9da Benkirane, La Complexit\u00e9, vertiges et promesses.<strong>\u00a0<\/strong><em>Dix-huit\u00a0histoires de sciences<\/em>.<br \/>\nParis, Le Pommier, 408 pages, 2013.<\/p>\n<p><span style=\"color: #000000;\">[\u00a0<\/span><a href=\"\/reda\/?page_id=196\">Pr\u00e9sentation<\/a><span style=\"color: #000000;\">\u00a0|\u00a0<\/span><a href=\"\/reda\/?page_id=203\">Presentation in English<\/a><span style=\"color: #000000;\">\u00a0|\u00a0<\/span><a href=\"\/reda\/?page_id=208\">Sommaire<\/a><span style=\"color: #000000;\">\u00a0|\u00a0<\/span><a href=\"\/reda\/?page_id=660\">Pr\u00e9face<\/a><span style=\"color: #000000;\">\u00a0|\u00a0<\/span><a href=\"\/reda\/?page_id=248\">Bibliographie<\/a><span style=\"color: #000000;\">\u00a0|\u00a0<\/span><a href=\"\/reda\/?page_id=250\">Notes de lecture<\/a><span style=\"color: #000000;\">\u00a0|\u00a0<\/span><a href=\"\/reda\/?page_id=263\">Articles de presse<\/a><span style=\"color: #000000;\">\u00a0|\u00a0<\/span><a href=\"\/reda\/?page_id=385\">Edition \u00e9trang\u00e8re 1<\/a><span style=\"color: #000000;\">\u00a0|\u00a0<\/span><a href=\"\/reda\/?page_id=383\">Edition \u00e9trang\u00e8re 2<\/a><span style=\"color: #000000;\">\u00a0]<\/span><\/p>\n<p><strong><br \/>\n<strong><strong><a title=\"order\" name=\"order\"><\/a><\/strong><a title=\"order\" name=\"order\"><\/a><\/strong><a title=\"order\" name=\"order\"><\/a><\/strong><\/p>\n<h3 align=\"justify\"><a title=\"order\" name=\"order\"><\/a><strong><a title=\"sommaire\" name=\"sommaire\"><\/a>Sommaire du livre\u00a0<\/strong><\/h3>\n<p align=\"justify\"><strong><strong><br \/>\nPr\u00e9face de R\u00e9da Benkirane \u00e0 la nouvelle \u00e9dition (2013)<br \/>\n<\/strong><\/strong><a href=\"\/reda\/?page_id=660\">Complexit\u00e9(s), lien, noeud, pli. Le mot du si\u00e8cle<\/a><\/p>\n<p>Avant Propos de R\u00e9da Benkirane<br \/>\nUn voyage au pays des sciences \/ La complexit\u00e9 comme mani\u00e8re de voir \/ Vertiges, \u00e9claircissements et promesses<\/p>\n<p align=\"justify\"><strong><strong>Chapitre I. Complexus, ce qui est tiss\u00e9 ensemble<\/strong><br \/>\n<\/strong>Entretien avec Edgar Morin, o\u00f9 c&rsquo;est la complexit\u00e9 humaine qui est ici la premi\u00e8re histoire de sciences. L&rsquo;homme et la soci\u00e9t\u00e9 y sont au centre des interrogations. Edgar Morin est sociologue, il a consacr\u00e9 une oeuvre en cinq tomes sur le th\u00e8me de la complexit\u00e9.<\/p>\n<p align=\"justify\"><strong><strong>Chapitre II. La fin des certitudes<\/strong><br \/>\n<\/strong>Entretien avec Ilya Prigogine, prix Nobel de chimie et philosophe, un des fondateurs des \u00e9tudes de la complexit\u00e9. Dans ce chapitre, il part de ses recherches en physique et chimie pour aborder la complexit\u00e9 sur un spectre plus large de ph\u00e9nom\u00e8nes d&rsquo;o\u00f9 la r\u00e9flexion philosophique n&rsquo;est jamais absente.<\/p>\n<p align=\"justify\"><strong><strong>Chapitre III. La fusion des bits et des atomes<\/strong><br \/>\n<\/strong>Entretien avec Neil Gershenfeld, physicien de l&rsquo;information et directeur du MediaLab \u00e0 MIT, qui explique les probl\u00e8mes actuels, les limites et les promesses des technologies de l&rsquo;information. Ce chapitre \u00e9voque les recherches qu&rsquo;il m\u00e8ne &#8211; et qui lui ont, entre autres, permis d&rsquo;inventer le premier ordinateur quantique &#8211; et son souci de coupler, \u00e0 travers des<br \/>\ninterfaces informatiques de plus en plus transparentes, le monde physique et le monde num\u00e9rique, la mati\u00e8re et l&rsquo;information, l&rsquo;atome et le bit.<\/p>\n<p align=\"justify\"><strong><strong>Chapitre IV. L&rsquo;informatique bio-inspir\u00e9e<\/strong><br \/>\n<\/strong>Entretien avec Daniel Mange, ing\u00e9nieur informaticien, professeur \u00e0 l&rsquo;Ecole Polytechnique F\u00e9d\u00e9rale de Lausanne (EPFL), qui nous introduit \u00e0 la discipline \u00e9mergente de la vie artificielle, \u00e0 ses applications et implications possibles.<\/p>\n<p><strong>Chapitre V. Emergence, s\u00e9lection et insectes sociaux<\/strong><br \/>\nEntretien avec Jean-Louis Deneubourg, chimiste de l&rsquo;universit\u00e9 libre de Bruxelles et sp\u00e9cialiste des insectes sociaux. A partir de l&rsquo;\u00e9tude de l&rsquo;intelligence collective des fourmis et des termites, Deneubourg explique les liens de ces ph\u00e9nom\u00e8nes avec ceux de la complexit\u00e9 et \u00e9voque les applications du c\u00f4t\u00e9 de la robotique et de l&rsquo;intelligence artificielle.<\/p>\n<p><strong>Chapitre VI. L&rsquo;intelligence artificielle, \u00e9volutive et ascendante<\/strong><br \/>\nEntretien avec Luc Steels, linguiste et sp\u00e9cialiste de l&rsquo;intelligence artificielle \u00e0 l&rsquo;universit\u00e9 libre de Bruxelles, qui rappelle les diverses approches de l&rsquo;IA tout en situant sa propre conception bas\u00e9e sur les principes de l&rsquo;auto-organisation et de l&rsquo;\u00e9volution interactive avec l&rsquo;environnement.<\/p>\n<p><strong>Chapitre VII. Bio-logiques ou tout ce qui pourrait \u00eatre<\/strong><br \/>\nEntretien avec Christopher Langton, physicien am\u00e9ricain, consid\u00e9r\u00e9 comme le \u00ab p\u00e8re de la vie artificielle \u00bb, qui trace l&rsquo;histoire de cette nouvelle discipline, explique ses objectifs et formule ses propres interrogations sur la relation Cr\u00e9ateur-Cr\u00e9ature\u00a0<em>in silico<\/em>.<\/p>\n<p align=\"justify\"><strong><strong>Chapitre VIII. Autopo\u00ef\u00e8se et \u00e9mergence<\/strong><br \/>\n<\/strong>Entretien avec Francesco Varela, biologiste chilien d\u00e9c\u00e9d\u00e9 en 2001, ancien directeur de recherche au CNRS, dont les travaux th\u00e9oriques ont inspir\u00e9 plusieurs g\u00e9n\u00e9rations de chercheurs en intelligence artificielle.<\/p>\n<p align=\"justify\"><strong><strong>Chapitre IX. Vers une science des qualit\u00e9s<\/strong><br \/>\n<\/strong>Entretien avec Brian Goodwin, biologiste canadien enseignant au Schumacher College (Grande-Bretagne), sp\u00e9cialiste de la complexit\u00e9 des syst\u00e8mes biologiques. Dans ce chapitre, il expose le bien-fond\u00e9 des sciences de la complexit\u00e9 pour appr\u00e9hender certains probl\u00e8mes ardus. Goodwin recourt aux outils d&rsquo;analyse de la complexit\u00e9 pour d\u00e9monter les pr\u00e9mices du \u00ab g\u00e8ne \u00e9go\u00efste \u00bb et pour dresser une critique radicale de l&rsquo;id\u00e9ologie montante du \u00ab tout g\u00e9n\u00e9tique \u00bb.<\/p>\n<p align=\"justify\"><strong><strong>Chapitre X. Spirales de l&rsquo;auto-organisation<\/strong><br \/>\n<\/strong>Entretien avec Stuart Kauffman, biochimiste am\u00e9ricain cofondateur du Santa Fe Institute, qui a consacr\u00e9 toute sa carri\u00e8re \u00e0 d\u00e9couvrir des syst\u00e8mes complexes et \u00e0 promouvoir leur \u00e9tude au travers de techniques math\u00e9matiques et informatiques qu&rsquo;il applique d\u00e9sormais au monde de l&rsquo;\u00e9conomie et des affaires.<\/p>\n<p><strong>Chapitre XI. Transition de phase<\/strong><br \/>\nEntretien avec Bernard Derrida, physicien \u00e0 l&rsquo;Ecole Normale Sup\u00e9rieure de Paris, qui nous introduit \u00e0 la m\u00e9canique statistique et \u00e0 ses principaux concepts et ph\u00e9nom\u00e8nes, o\u00f9 le passage du quantitatif au qualitatif, la progression de l&rsquo;\u00e9chelle microscopique \u00e0 l&rsquo;\u00e9chelle macroscopique ne sont pas sans conna\u00eetre des analogies avec les ph\u00e9nom\u00e8nes complexes que l&rsquo;on retrouve dans toute une classe de probl\u00e8mes en physique et biologie.<\/p>\n<p align=\"justify\"><strong><strong>Chapitre XII. Histoires de chaos<\/strong><br \/>\n<\/strong>Entretien avec Yves Pomeau, physicien \u00e0 l&rsquo;Ecole Normale Sup\u00e9rieure de Paris, un des tout premiers d\u00e9couvreurs de la th\u00e9orie du chaos en physique. Le chapitre aborde la question de la communication scientifique, le probl\u00e8me de la d\u00e9nomination des th\u00e9ories, avant de s&rsquo;attarder sur l&rsquo;histoire de la th\u00e9orie du chaos et de sa dynamique tr\u00e8s particuli\u00e8re.<\/p>\n<p align=\"justify\"><strong><strong>Chapitre XIII. Hasard, chaos et math\u00e9matiques<\/strong><br \/>\n<\/strong>Entretien avec Ivar Ekeland, math\u00e9maticien \u00e0 l&rsquo;universit\u00e9 Paris Dauphine, qui a consacr\u00e9 de nombreux livres aux questions du hasard et du chaos en math\u00e9matiques. O\u00f9 il est notamment expliqu\u00e9 de fa\u00e7on claire et imag\u00e9e ce qu&rsquo;est pr\u00e9cis\u00e9ment le chaos d\u00e9terministe.<\/p>\n<p align=\"justify\"><strong><strong>Chapitre XIV. Complexit\u00e9, logique et hasard<\/strong><br \/>\n<\/strong>Entretien avec Gregory Chaitin, math\u00e9maticien am\u00e9ricain, sur la place du hasard dans l&rsquo;arithm\u00e9tique, le socle le plus s\u00fbr des math\u00e9matiques. Le chapitre aborde \u00e9galement les limites des math\u00e9matiques telles qu&rsquo;elles furent \u00e9nonc\u00e9es tout d&rsquo;abord par les logiciens Kurt G\u00f6del et Alan Turing puis par Chaitin lui-m\u00eame dans le cadre de ses recherches sur la complexit\u00e9 algorithmique de l&rsquo;information.<\/p>\n<p align=\"justify\"><strong><strong>Chapitre XV. La science des limites et les limites de la science<\/strong><br \/>\n<\/strong>Entretien avec John Barrow, astrophysicien de l&rsquo;universit\u00e9 de Cambridge et \u00e9crivain scientifique, qui \u00e9voque les probl\u00e8mes typiques de la complexit\u00e9 en physique et math\u00e9matiques.<\/p>\n<p align=\"justify\"><strong><strong>Chapitre XVI. La relativit\u00e9 d&rsquo;\u00e9chelle<\/strong><br \/>\n<\/strong>Entretien avec Laurent Nottale, astrophysicien, directeur de recherche au CNRS, qui renouvelle la r\u00e9flexion sur la th\u00e9orie de la relativit\u00e9 par son utilisation originale des math\u00e9matiques fractales pour d\u00e9ployer les changements d&rsquo;\u00e9chelle dans l&rsquo;espace-temps. Le chapitre \u00e9voque longuement, toujours selon l&rsquo;approche de la relativit\u00e9 d&rsquo;\u00e9chelle, le probl\u00e8me de la rupture entre r\u00e9alit\u00e9s quantique et classique.<\/p>\n<p align=\"justify\"><strong><strong>Chapitre XVII. L&rsquo;univers en inflation<\/strong><br \/>\n<\/strong>Entretien avec Andrei Linde, astrophysicien russe, enseignant \u00e0 l&rsquo;universit\u00e9 de Stanford, auteur d&rsquo;une toute nouvelle cosmologie qui propose un sc\u00e9nario d&rsquo;univers infini et auto-reproducteur. Dans ce chapitre, il explique les probl\u00e8mes que pose la th\u00e9orie du Big Bang et les solutions que propose son mod\u00e8le d&rsquo;univers dit inflationniste.<\/p>\n<p align=\"justify\"><strong><strong>Chapitre XVIII. Des sciences qui nous rapprochent de la singularit\u00e9<\/strong><br \/>\n<\/strong>Entretien avec Michel Serres qui esquisse la particularit\u00e9 des nouvelles sciences et leur transformation de l&rsquo;humanit\u00e9. Michel Serres est philosophe des sciences, membre de l&rsquo;Acad\u00e9mie fran\u00e7aise, auteur d&rsquo;une trentaine d&rsquo;ouvrages sur les relations entre les sciences exactes et les sciences humaines.<\/p>\n<p align=\"justify\"><strong><strong>Bibliographie comment\u00e9e<\/strong><\/strong><\/p>\n<p><strong>Index<\/strong><\/p>\n<p><strong>Remerciements<\/strong><\/p>\n<p>&nbsp;<\/p>\n<p style=\"text-align: center;\"><strong><strong><strong><strong><strong><strong><strong><strong><strong><strong><strong><strong><strong>Commander le livre\u00a0<\/strong><strong>\u00a0:\u00a0<\/strong><\/strong><\/strong><\/strong><\/strong><\/strong><\/strong><\/strong><\/strong><\/strong><\/strong><\/strong><\/strong><\/p>\n<p style=\"text-align: center;\"><a href=\"http:\/\/www4.fnac.com\/Shelf\/article.aspx?PRID=1794530&amp;OrderInSession=1&amp;Mn=3&amp;SID=cf5a8058-33b8-89a8-167e-03bbd86ac1cb&amp;TTL=030320070806&amp;Origin=FnacAff&amp;Ra=-1&amp;To=0&amp;Nu=1&amp;UID=09B9B9145-6EAE-1D6D-D213-3324291176D4&amp;Fr=0\" target=\"_blank\">fnac.com<\/a>\u00a0\/\u00a0\u00a0<a href=\"http:\/\/www.amazon.fr\/complexit%C3%A9-vertiges-promesses-histoires-sciences\/dp\/274650703X\/ref=la_B001JOS15M_1_1?s=books&amp;ie=UTF8&amp;qid=1390939770&amp;sr=1-1\" target=\"_blank\">amazon.fr<\/a>\u00a0\/\u00a0<a href=\"http:\/\/www.eyrolles.com\/Sciences\/Livre\/la-complexite-vertiges-et-promesses-9782746507036\" target=\"_blank\">eyrolles.com<\/a>\u00a0\/\u00a0<a href=\"http:\/\/www.chapitre.com\/CHAPITRE\/fr\/BOOK\/benkirane-reda\/la-complexite-vertiges-et-promesses-18-histoires-de-science,58795451.aspx\" target=\"_blank\">chapitre.com<\/a><\/p>\n<p><strong><a title=\"order\" name=\"order\"><\/a><\/strong><br \/>\n<a href=\"https:\/\/reda.archipress.org\/wp-content\/uploads\/2013\/12\/Complexite.jpg\"><img loading=\"lazy\" decoding=\"async\" class=\"alignleft\" style=\"margin: 3px;\" src=\"https:\/\/reda.archipress.org\/wp-content\/uploads\/2013\/12\/Complexite.jpg\" alt=\"Complexite\" width=\"160\" height=\"160\" \/><\/a>R\u00e9da Benkirane,\u00a0<em>La Complexit\u00e9, vertiges et promesses.\u00a0Dix-huit<\/em><em>\u00a0histoires de sciences<\/em>.<br \/>\nParis, Le Pommier, 408 pages, 2013.<\/p>\n","protected":false},"excerpt":{"rendered":"<p>R\u00e9da Benkirane, La Complexit\u00e9, vertiges et promesses.\u00a0Dix-huit\u00a0histoires de sciences. Paris, Le Pommier, 408 pages, 2013. [\u00a0Pr\u00e9sentation\u00a0|\u00a0Presentation in English\u00a0|\u00a0Sommaire\u00a0|\u00a0Pr\u00e9face\u00a0|\u00a0Bibliographie\u00a0|\u00a0Notes de lecture\u00a0|\u00a0Articles de presse\u00a0|\u00a0Edition \u00e9trang\u00e8re 1\u00a0|\u00a0Edition \u00e9trang\u00e8re 2\u00a0] Sommaire du livre\u00a0 Pr\u00e9face de R\u00e9da Benkirane \u00e0 la nouvelle \u00e9dition (2013) Complexit\u00e9(s), lien, noeud, pli. Le mot du si\u00e8cle Avant Propos de R\u00e9da &#8230; <a class=\"continue-reading-link\" href=\"https:\/\/reda.archipress.org\/?page_id=208\"> Continue reading<\/a><\/p>\n","protected":false},"author":1,"featured_media":0,"parent":196,"menu_order":4,"comment_status":"closed","ping_status":"closed","template":"","meta":{"footnotes":""},"class_list":["post-208","page","type-page","status-publish","hentry"],"_links":{"self":[{"href":"https:\/\/reda.archipress.org\/index.php?rest_route=\/wp\/v2\/pages\/208","targetHints":{"allow":["GET"]}}],"collection":[{"href":"https:\/\/reda.archipress.org\/index.php?rest_route=\/wp\/v2\/pages"}],"about":[{"href":"https:\/\/reda.archipress.org\/index.php?rest_route=\/wp\/v2\/types\/page"}],"author":[{"embeddable":true,"href":"https:\/\/reda.archipress.org\/index.php?rest_route=\/wp\/v2\/users\/1"}],"replies":[{"embeddable":true,"href":"https:\/\/reda.archipress.org\/index.php?rest_route=%2Fwp%2Fv2%2Fcomments&post=208"}],"version-history":[{"count":0,"href":"https:\/\/reda.archipress.org\/index.php?rest_route=\/wp\/v2\/pages\/208\/revisions"}],"up":[{"embeddable":true,"href":"https:\/\/reda.archipress.org\/index.php?rest_route=\/wp\/v2\/pages\/196"}],"wp:attachment":[{"href":"https:\/\/reda.archipress.org\/index.php?rest_route=%2Fwp%2Fv2%2Fmedia&parent=208"}],"curies":[{"name":"wp","href":"https:\/\/api.w.org\/{rel}","templated":true}]}}